*c. Suppose c*z = -z + 432. Suppose 2*o - 4*o = -g + 24, -6 = 2*o. Calculate the highest common divisor of z and g.
18
Suppose 134 = 18*k - 136. Let f be (-1 - 11)/((-2)/5). Calculate the highest common divisor of f and k.
15
Suppose 2*u - 10 = -4*b, 3*u + b - 16 + 6 = 0. Suppose m - u*m = -2. What is the highest common divisor of 1 and m?
1
Let x(g) = -g**2 + 3 + 2 - 2 + g + g**3. Let i be x(0). Suppose 2*u = -z + 22, i*z - 88 = 2*u + 10. What is the greatest common divisor of z and 10?
10
Let t(y) = 4*y**2 - 6*y - 2. Let r(p) = 11*p**2 - 17*p - 6. Let u(z) = 3*r(z) - 8*t(z). Let l be u(-2). What is the greatest common divisor of l and 88?
8
Let s(j) = 2 + 5*j**2 + j - 3*j - 3*j + j**3 + 0*j**2. Let p be s(-6). Let h be (-4 - 0)/(p/24). What is the highest common factor of 24 and h?
24
Let i be 300/8*(-8)/(-6). Suppose 0*t = 5*t - i. Suppose 0 = -y + 3*c + t + 4, -y = 4*c. Calculate the greatest common factor of y and 8.
8
Let c(q) = -q**3 - 5*q**2 - 3*q + 5. Let r be c(-4). Suppose -w + r = -5. What is the highest common factor of w and 18?
6
Suppose -4*f + 74 = 14. Calculate the highest common factor of f and 120.
15
Suppose -2*s - 4 = -3*s. What is the highest common divisor of 36 and s?
4
Let k be -4 + (-2)/(2/1). Let a be (k + 29)*(-10)/(-3). Calculate the highest common divisor of 10 and a.
10
Let r be -4*6*(5 - 55/10). Let n(z) = -6*z**3 - z - 2. Let x be n(-2). Calculate the highest common factor of r and x.
12
Suppose -2*k = -4*a - 6 - 22, -4*k - 4*a + 116 = 0. Suppose 3*r = -r - 16. Let n = r + 10. Calculate the highest common factor of k and n.
6
Suppose 8*v + 880 = 13*v. What is the greatest common factor of v and 11?
11
Suppose 0 = -t + 5*u + 270, -332 = -2*t - 5*u + 208. What is the greatest common divisor of 30 and t?
30
Suppose 8 = -3*t + 5*t. Let l(j) = -25*j**2 + 4*j - 3. Let c be l(3). Let r be c/(-21) + t/(-14). Calculate the highest common divisor of 5 and r.
5
Suppose 31*o - 35*o = -88. Suppose -2*j = 2*j - 4*b - 20, 0 = 3*b + 9. What is the highest common divisor of j and o?
2
Let d = 47 + -77. Suppose 0 = -5*v + 5, 6*v - 3*v = 2*z - 165. Let x = d + z. Calculate the highest common divisor of x and 6.
6
Let z = 322 + -179. Let s(u) = 5*u**3 - u**2 + u - 1. Let q be s(1). Suppose 2*g - 50 = -q*f, f + 3*f - 53 = g. What is the highest common divisor of z and f?
13
Suppose -42 = -2*t + 66. Calculate the greatest common factor of 135 and t.
27
Suppose -100 = -4*g + 4*y, -3*g + y = -9 - 76. Let c be (-7)/((-28)/12) + 267. What is the greatest common divisor of g and c?
30
Let h be 6*(3/(-9) - -1). Let p = h + 1. Calculate the greatest common divisor of p and 1.
1
Let x be 14/3*198/77. Let y(k) = k + 4. Let o be y(x). What is the highest common factor of 16 and o?
16
Suppose 0*a - 2*a - 120 = 0. Let p = -35 - a. What is the greatest common divisor of p and 225?
25
Suppose 3*g + 1 = 10. Suppose 0 = -g*t - 5*n + 13, t + 5*n - 11 = -0*t. Calculate the greatest common factor of t and 1.
1
Suppose -4*j + 2*j = l - 1, 4*l - j - 40 = 0. What is the highest common divisor of 1 and l?
1
Suppose 4*o = 3*o - 10. Let g be 4/o + (-774)/(-10). Calculate the highest common factor of g and 7.
7
Let q be (-4)/(-6) - 1592/(-6). Let n = -26 + 26. Suppose v + 86 - q = n. What is the highest common divisor of 20 and v?
20
Let v = 346 + -162. Calculate the greatest common divisor of v and 8.
8
Suppose 0*x - 2*x = -30. Let g = 4 - 0. Let h = g - 1. Calculate the highest common divisor of h and x.
3
Let z(w) = w - 1. Let x be z(-7). Let n be 3/2 + (-12)/x. Suppose -2*v - 3*c = n*v - 563, -5*v + 559 = -c. What is the highest common divisor of v and 14?
14
Suppose -2*j + 5*z = 2*z + 1, -3*z + 22 = j. Calculate the greatest common factor of j and 1.
1
Let f(h) = 6*h + 21. Let y(c) = -c - 3. Let o(q) = -4*f(q) - 27*y(q). Let l be o(2). Calculate the greatest common divisor of l and 3.
3
Let o(n) = -n**3 + 10*n**2 + 6*n + 3. Let u be o(10). What is the greatest common divisor of 42 and u?
21
Suppose -4*q + 3*q + 6 = 0. Calculate the greatest common factor of 12 and q.
6
Suppose 4*j + 2*z = 12, -4*z = 3*j + 3 - 2. What is the highest common factor of j and 2?
1
Let o(f) = -f**2 - 13*f - 5. Let t(q) = 2*q + 1. Let z be t(-3). Let d be o(z). What is the highest common divisor of 7 and d?
7
Suppose -4*y + p + 20 = -28, -p = -4. Let d be (6 - 1)*(-52 - -1). Let z = 359 + d. Calculate the greatest common factor of z and y.
13
Let m = 1 - -1. Suppose -t = 5*p - 5, m*p = t + 2*t + 19. Calculate the highest common factor of p and 2.
2
Let u(h) = h**3 + 8*h**2 + 6*h - 8. Let z be u(-7). Let b be 6 + (-1 - (z + 0)). Calculate the greatest common factor of b and 54.
6
Suppose 5*z + 30 - 5 = 0. Let m be (-63)/z - 6/(-15). What is the greatest common divisor of m and 91?
13
Let n be -1 + -2 - (-24 + 3). What is the greatest common factor of n and 45?
9
Let d = -23 + 45. What is the greatest common factor of d and 88?
22
Suppose 4*h = h. Suppose -5*c + 3*k = -23, c + 4*k = -h*k. Calculate the greatest common divisor of c and 12.
4
Suppose 2*w = -20 + 60. Suppose -3*b + 30 = 3*x, 0 = 5*x - 3*x - 3*b - w. What is the highest common divisor of 5 and x?
5
Let g = 4 + -6. Let k be 87 + (-2)/4*g. Calculate the greatest common factor of k and 11.
11
Let t = -83 + 128. Let k(m) = 2*m + 1. Let f be k(4). Calculate the greatest common factor of f and t.
9
Let u = 25 + -10. Suppose 3*z - 1 = 2*i - 18, u = 2*i - z. What is the greatest common divisor of 7 and i?
7
Suppose 2*z - z - 12 = 0. What is the greatest common divisor of z and 36?
12
Suppose -4*n + 0*n + 56 = 0. Let v be ((-4)/(-10))/(4/20). Let s be (100/v + -1)*2. What is the greatest common divisor of s and n?
14
Suppose 5*c - 2*c - 18 = 0. Suppose c*h = h + 40. Calculate the highest common factor of 4 and h.
4
Suppose j + 3 = -5. Let w(t) = t**3 + 9*t**2 + 8*t + 2. Let m be w(j). Calculate the greatest common factor of 8 and m.
2
Suppose -69 - 51 = -2*y. Suppose 0 = -a - 5*a + y. Calculate the greatest common factor of 10 and a.
10
Suppose -3*k = 3 - 21. Let r(i) = i**2 + 7*i - 6. Let u be r(-8). Suppose k = j - u. What is the highest common divisor of 2 and j?
2
Suppose -40 = -t - 5*g, 0 = 3*t - 4*g - 1 - 157. What is the highest common factor of 10 and t?
10
Let j(y) = y**3 + 8*y**2 + 10*y + 9. Let v be j(-6). Suppose -5*i + 39 + v = 0. Calculate the greatest common divisor of 6 and i.
6
Let x be (-614)/((-1 - 0)*2). Suppose 5*f - 5*m = 495, m + x - 784 = -5*f. Calculate the greatest common divisor of 12 and f.
12
Let k(z) = -4*z + 1. Let q be k(-2). What is the highest common divisor of 36 and q?
9
Suppose -2*g = -25 - 9. What is the greatest common factor of 51 and g?
17
Let h(s) = -s + 4. Let l be h(-6). Let x = -35 - -55. What is the highest common divisor of l and x?
10
Suppose -3*d + 273 = -3*n, 111 = d + 2*n + 2*n. Calculate the greatest common divisor of 57 and d.
19
Let w = 0 + 0. Let t be 2 - (-2)/(2 - w). Let z(p) = -p**3 - 17*p**2 + 2*p + 36. Let q be z(-17). What is the greatest common divisor of t and q?
1
Let z be (-15)/2 - 3/6. Let i be (-1 - z)/(3/(-9)). Let n be (0 - i) + (-2)/2. Calculate the highest common factor of n and 50.
10
Let j = 73 + -45. Suppose 3*b - 5 = -5*h, 0 = -3*h + 2*b + 34 - 12. Suppose 0*k = -k + h. Calculate the greatest common divisor of j and k.
4
Let a = 653 - 373. What is the greatest common divisor of 35 and a?
35
Let d(k) = 17*k**2 + 2*k - 5. Let a = -12 - -15. Let t be d(a). What is the greatest common factor of t and 22?
22
Suppose -25*c + 19*c = -108. What is the greatest common factor of c and 9?
9
Let y(l) = 3*l - 1. Let v be y(2). Let p(t) = 3*t - 2. Let x be p(v). What is the greatest common factor of 52 and x?
13
Suppose -21 = -2*i - 5. Let r be 2/(-8) + 898/i. What is the greatest common factor of 14 and r?
14
Let q be 280/88 - (-2)/(-11). Suppose q*s - 16 = 2. What is the highest common divisor of s and 3?
3
Suppose 6*p - 9*p + 30 = 0. Calculate the greatest common factor of p and 10.
10
Suppose -a + 3*a - 120 = 0. Let p = -475 - -490. Calculate the greatest common factor of p and a.
15
Let v = 72 + -36. What is the highest common factor of 54 and v?
18
Let a = -12 + -1. Let c = 17 + a. Calculate the highest common divisor of 12 and c.
4
Suppose -93*n + 82*n 